[Wed Mar 08 12:06:01.445115 2023] [mpm_winnt:warn] [pid 9296:tid 736] AH00445: ThreadsPerChild of 4000 exceeds ThreadLimit of 350, decreasing to match
[Wed Mar 08 12:06:01.578029 2023] [ssl:warn] [pid 9296:tid 736] AH01873: Init: Session Cache is not configured [hint: SSLSessionCache]
[Wed Mar 08 12:06:01.780309 2023] [mpm_winnt:notice] [pid 9296:tid 736] AH00455: Apache/2.4.23 (Win32) OpenSSL/1.0.2h PHP/5.6.24 configured -- resuming normal operations
[Wed Mar 08 12:06:01.780309 2023] [mpm_winnt:notice] [pid 9296:tid 736] AH00456: Apache Lounge VC11 Server built: Jul 7 2016 11:13:22
[Wed Mar 08 12:06:01.780309 2023] [core:notice] [pid 9296:tid 736] AH00094: Command line: 'D:\\xampp\\apache\\bin\\httpd.exe -d D:/xampp/apache'
[Wed Mar 08 12:06:01.784308 2023] [mpm_winnt:notice] [pid 9296:tid 736] AH00418: Parent: Created child process 5892 AH00112: Warning: DocumentRoot [D:/xampp/htdocs/clientweb/moontea] does not exist AH00112: Warning: DocumentRoot [D:/xampp/htdocs/clientweb/filledrink] does not exist AH00112: Warning: DocumentRoot [D:/xampp/htdocs/clientweb/Hjgoose] does not exist AH00112: Warning: DocumentRoot [D:/xampp/htdocs/clientweb/decorex] does not exist AH00548: NameVirtualHost has no effect and will be removed in the next release D:/xampp/apache/conf/extra/httpd-ssl.conf:2 AH00112: Warning: DocumentRoot [D:/xampp/htdocs/clientweb/moontea] does not exist AH00112: Warning: DocumentRoot [D:/xampp/htdocs/clientweb/filledrink] does not exist AH00112: Warning: DocumentRoot [D:/xampp/htdocs/clientweb/Hjgoose] does not exist AH00112: Warning: DocumentRoot [D:/xampp/htdocs/clientweb/decorex] does not exist
[Wed Mar 08 12:06:02.337205 2023] [ssl:warn] [pid 5892:tid 644] AH01873: Init: Session Cache is not configured [hint: SSLSessionCache]
[Wed Mar 08 12:06:02.395370 2023] [mpm_winnt:notice] [pid 5892:tid 644] AH00354: Child: Starting 350 worker threads.
[Wed Mar 08 14:11:59.088951 2023] [core:error] [pid 5892:tid 3408] (20024)The given path is misformatted or contained invalid characters: [client 114.119.152.230:43240] AH00127: Cannot map GET /bord/3good/OLD-G350527_1/%22img/Straight3/%22 HTTP/1.1 to file, referer: http://www.quickcode.com.tw/bord/3good/OLD-G350527_1/indexh2.php
[Wed Mar 08 14:22:36.145335 2023] [core:error] [pid 5892:tid 3564] (20024)The given path is misformatted or contained invalid characters: [client 114.119.151.197:47742] AH00127: Cannot map GET /bord/burnbottle/bbottle0001_1/%22img/Horizontal16/%22 HTTP/1.1 to file, referer: http://www.quickcode.com.tw/bord/burnbottle/bbottle0001_1/indexh1.php
[Wed Mar 08 15:28:59.684909 2023] [core:error] [pid 5892:tid 3328] (20024)The given path is misformatted or contained invalid characters: [client 114.119.137.174:48490] AH00127: Cannot map GET /bord/demo/demo0003_1/img/%22.$content%5B HTTP/1.1 to file, referer: http://www.quickcode.com.tw/bord/demo/demo0003_1/indexh3.php.bak
[Wed Mar 08 15:30:24.127241 2023] [core:error] [pid 5892:tid 3596] (20024)The given path is misformatted or contained invalid characters: [client 114.119.151.153:41030] AH00127: Cannot map GET /bord/3good/C242559_1/%22img/Straight3/%22 HTTP/1.1 to file, referer: http://www.quickcode.com.tw/bord/3good/C242559_1/indexh2.php
[Wed Mar 08 15:58:03.794651 2023] [:error] [pid 5892:tid 3544] [client 66.249.71.171:44303] script 'D:/xampp/htdocs/bord/moontea/moontea0012_1/fbqrcode.php' not found or unable to stat, referer: http://www.quickcode.com.tw/bord/moontea/moontea0012_1/indexh4.php.bak
[Wed Mar 08 15:58:04.194466 2023] [:error] [pid 5892:tid 3564] [client 66.249.72.75:39502] script 'D:/xampp/htdocs/bord/moontea/moontea0012_1/getlike.php' not found or unable to stat, referer: http://www.quickcode.com.tw/bord/moontea/moontea0012_1/indexh4.php.bak
[Wed Mar 08 15:58:05.124023 2023] [:error] [pid 5892:tid 3544] [client 66.249.71.171:44303] script 'D:/xampp/htdocs/bord/moontea/moontea0012_1/getname.php' not found or unable to stat, referer: http://www.quickcode.com.tw/bord/moontea/moontea0012_1/indexh4.php.bak
[Wed Mar 08 15:58:05.593772 2023] [:error] [pid 5892:tid 3564] [client 66.249.72.75:39502] script 'D:/xampp/htdocs/bord/moontea/moontea0012_1/getname.php' not found or unable to stat, referer: http://www.quickcode.com.tw/bord/moontea/moontea0012_1/indexh4.php.bak
[Wed Mar 08 16:22:52.674442 2023] [:error] [pid 5892:tid 3308] [client 45.76.189.249:58155] script 'D:/xampp/htdocs/clientweb/tableplus/xmlrpc.php' not found or unable to stat
[Wed Mar 08 21:34:55.983843 2023] [:error] [pid 5892:tid 3396] [client 142.113.158.47:53818] script 'D:/xampp/htdocs/wp-login.php' not found or unable to stat, referer: http://quickcode.com.tw
[Wed Mar 08 21:42:16.783391 2023] [:error] [pid 5892:tid 3396] [client 45.76.189.249:54821] script 'D:/xampp/htdocs/clientweb/tableplus/xmlrpc.php' not found or unable to stat
[Wed Mar 08 22:17:28.021602 2023] [cgi:error] [pid 5892:tid 3440] [client 117.210.179.163:55802] AH02811: script not found or unable to stat: D:/xampp/htdocs/setup.cgi
[Wed Mar 08 23:53:19.482901 2023] [:error] [pid 5892:tid 3396] [client 66.249.79.97:51631] script 'D:/xampp/htdocs/bord/moontea/moontea0013_1/fbqrcode.php' not found or unable to stat, referer: http://www.quickcode.com.tw/bord/moontea/moontea0013_1/indexs1.php.bak
[Wed Mar 08 23:53:19.767791 2023] [:error] [pid 5892:tid 3396] [client 66.249.79.97:51631] script 'D:/xampp/htdocs/bord/moontea/moontea0013_1/callnum.php' not found or unable to stat, referer: http://www.quickcode.com.tw/bord/moontea/moontea0013_1/indexs1.php.bak
[Wed Mar 08 23:53:20.239089 2023] [:error] [pid 5892:tid 3484] [client 66.249.71.207:45232] script 'D:/xampp/htdocs/bord/moontea/moontea0013_1/getname.php' not found or unable to stat, referer: http://www.quickcode.com.tw/bord/moontea/moontea0013_1/indexs1.php.bak
[Wed Mar 08 23:53:20.821278 2023] [:error] [pid 5892:tid 3556] [client 66.249.79.99:53249] script 'D:/xampp/htdocs/bord/moontea/moontea0013_1/getlike.php' not found or unable to stat, referer: http://www.quickcode.com.tw/bord/moontea/moontea0013_1/indexs1.php.bak
[Wed Mar 08 23:53:21.151020 2023] [:error] [pid 5892:tid 3420] [client 66.249.71.173:60004] script 'D:/xampp/htdocs/bord/moontea/moontea0013_1/getname.php' not found or unable to stat, referer: http://www.quickcode.com.tw/bord/moontea/moontea0013_1/indexs1.php.bak
[Thu Mar 09 06:11:52.400012 2023] [core:error] [pid 5892:tid 3484] (20024)The given path is misformatted or contained invalid characters: [client 66.249.79.101:64586] AH00127: Cannot map GET /bord/3good/3good0051_1/img/%22.$content[ HTTP/1.1 to file
[Thu Mar 09 07:42:41.144733 2023] [:error] [pid 5892:tid 3448] [client 89.37.95.54:41100] script 'D:/xampp/htdocs/xmlrpc.php' not found or unable to stat
[Thu Mar 09 09:01:34.999283 2023] [:error] [pid 5892:tid 3460] [client 206.189.136.66:40128] script 'D:/xampp/htdocs/upl.php' not found or unable to stat
[Thu Mar 09 10:08:18.651306 2023] [core:error] [pid 5892:tid 3524] (20024)The given path is misformatted or contained invalid characters: [client 114.119.148.155:60468] AH00127: Cannot map GET /bord/3good/3good0099_1/%22img/Straight2/%22 HTTP/1.1 to file, referer: http://www.quickcode.com.tw/bord/3good/3good0099_1/indexh2.php
[Thu Mar 09 10:23:25.616338 2023] [core:error] [pid 5892:tid 3384] (20024)The given path is misformatted or contained invalid characters: [client 114.119.132.88:47644] AH00127: Cannot map GET /bord/3good/stop-O710567_1/%22img/Straight1/%22 HTTP/1.1 to file, referer: http://www.quickcode.com.tw/bord/3good/stop-O710567_1/indexh1.php
[Thu Mar 09 16:41:06.613852 2023] [core:error] [pid 5892:tid 3524] [client 185.180.143.138:38488] AH00126: Invalid URI in request GET /dana-na/../dana/html5acc/guacamole/../../../../../../../etc/services?/dana/html5acc/guacamole/ HTTP/1.1
[Thu Mar 09 17:04:45.290672 2023] [:error] [pid 5892:tid 3352] [client 165.22.74.203:56100] script 'D:/xampp/htdocs/info.php' not found or unable to stat
[Thu Mar 09 19:52:02.703888 2023] [:error] [pid 5892:tid 3484] [client 45.76.189.249:61720] script 'D:/xampp/htdocs/clientweb/tableplus/xmlrpc.php' not found or unable to stat
[Thu Mar 09 23:20:08.472133 2023] [core:error] [pid 5892:tid 3484] (20024)The given path is misformatted or contained invalid characters: [client 185.220.102.250:39561] AH00127: Cannot map GET /bord/demo/demo0002_1/img/%22.$content[ HTTP/1.1 to file, referer: http://www.quickcode.com.tw/bord/demo/demo0002_1/indexh14.php.bak
[Fri Mar 10 01:41:23.872543 2023] [core:error] [pid 5892:tid 3308] (20024)The given path is misformatted or contained invalid characters: [client 114.119.156.154:33024] AH00127: Cannot map GET /bord/3good/F330568_1/img/%22.$content%5B HTTP/1.1 to file, referer: http://www.quickcode.com.tw/bord/3good/F330568_1/index3.php.bak
[Fri Mar 10 02:05:40.605288 2023] [core:error] [pid 5892:tid 3452] (20024)The given path is misformatted or contained invalid characters: [client 114.119.132.146:33656] AH00127: Cannot map GET /bord/moontea/moontea0013_2/img/%22.$content%5B HTTP/1.1 to file, referer: http://www.quickcode.com.tw/bord/moontea/moontea0013_2/indexh3.php.bak
[Fri Mar 10 11:36:59.340551 2023] [:error] [pid 5892:tid 3352] [client 45.76.189.249:51317] script 'D:/xampp/htdocs/clientweb/tableplus/xmlrpc.php' not found or unable to stat
[Fri Mar 10 13:04:39.221477 2023] [core:error] [pid 5892:tid 3408] (20024)The given path is misformatted or contained invalid characters: [client 114.119.131.131:49306] AH00127: Cannot map GET /bord/demo/demo0004_1/%22img/Horizontal5/bk6.png?135028%22 HTTP/1.1 to file, referer: http://www.quickcode.com.tw/bord/demo/demo0004_1/?C=D%3BO%3DA
[Fri Mar 10 20:30:50.810115 2023] [authz_core:error] [pid 5892:tid 3308] [client 66.249.68.8:48788] AH01630: client denied by server configuration: D:/xampp/htdocs/clientweb/tableplus/.html
[Fri Mar 10 21:58:03.903438 2023] [:error] [pid 5892:tid 3352] [client 45.76.189.249:49790] script 'D:/xampp/htdocs/clientweb/tableplus/xmlrpc.php' not found or unable to stat
[Fri Mar 10 22:47:53.786753 2023] [core:error] [pid 5892:tid 3352] [client 185.180.143.8:38204] AH00126: Invalid URI in request HEAD /icons/.%2e/%2e%2e/apache2/icons/sphere1.png HTTP/1.1
[Fri Mar 10 23:31:58.224420 2023] [core:error] [pid 5892:tid 3532] (20024)The given path is misformatted or contained invalid characters: [client 114.119.150.45:44754] AH00127: Cannot map GET /bord/3good/3good0108_1/%22img/Straight3/%22 HTTP/1.1 to file, referer: http://www.quickcode.com.tw/bord/3good/3good0108_1/indexh1.php
[Fri Mar 10 23:40:16.212628 2023] [core:error] [pid 5892:tid 3352] (20024)The given path is misformatted or contained invalid characters: [client 114.119.142.39:46484] AH00127: Cannot map GET /bord/3good/3good0046_1/%22img/Straight3/%22 HTTP/1.1 to file, referer: http://www.quickcode.com.tw/bord/3good/3good0046_1/indexh2.php
[Fri Mar 10 23:40:39.583905 2023] [:error] [pid 5892:tid 3420] [client 156.96.155.234:1766] script 'D:/xampp/htdocs/main.php' not found or unable to stat, referer: http://49.213.185.34/
[Fri Mar 10 23:59:47.888036 2023] [core:error] [pid 5892:tid 3440] (20024)The given path is misformatted or contained invalid characters: [client 114.119.142.189:33002] AH00127: Cannot map GET /bord/demo/demo0002_1/img/%22.$content%5B HTTP/1.1 to file, referer: http://www.quickcode.com.tw/bord/demo/demo0002_1/indexh3.php.bak
[Sat Mar 11 00:51:32.665956 2023] [core:error] [pid 5892:tid 3420] (20024)The given path is misformatted or contained invalid characters: [client 114.119.132.192:34880] AH00127: Cannot map GET /%22./img/area/BG.jpg%22 HTTP/1.1 to file, referer: http://moontea.tableplus.com.tw/areas.php.bak
[Sat Mar 11 02:15:46.309542 2023] [core:error] [pid 5892:tid 3420] [client 185.180.143.138:56404] AH00126: Invalid URI in request HEAD /icons/.%2e/%2e%2e/apache2/icons/sphere1.png HTTP/1.1
[Sat Mar 11 06:32:34.150912 2023] [ssl:error] [pid 5892:tid 3352] [client 54.91.82.232:38892] AH02042: rejecting client initiated renegotiation
[Sat Mar 11 14:00:59.907161 2023] [:error] [pid 5892:tid 3452] [client 45.76.189.249:61297] script 'D:/xampp/htdocs/clientweb/tableplus/xmlrpc.php' not found or unable to stat
[Sat Mar 11 18:49:12.855573 2023] [authz_core:error] [pid 5892:tid 3328] [client 114.119.132.122:53188] AH01630: client denied by server configuration: D:/xampp/htdocs/clientweb/tableplus/.html, referer: https://www.tableplus.com.tw/device.html
[Sat Mar 11 18:49:22.503297 2023] [:error] [pid 5892:tid 3472] [client 121.254.85.61:59050] script 'D:/xampp/htdocs/bord/3good/3good0130_1/indexh13.php' not found or unable to stat
[Sat Mar 11 18:55:46.240599 2023] [:error] [pid 5892:tid 3576] [client 114.119.150.56:50180] script 'D:/xampp/htdocs/indexh13.php' not found or unable to stat, referer: http://www.quickcode.com.tw/bord/moontea/moontea0008_2/
[Sat Mar 11 19:18:09.139592 2023] [:error] [pid 5892:tid 3504] [client 45.76.189.249:59520] script 'D:/xampp/htdocs/clientweb/tableplus/xmlrpc.php' not found or unable to stat
[Sat Mar 11 19:55:04.580338 2023] [core:error] [pid 5892:tid 3564] (20024)The given path is misformatted or contained invalid characters: [client 114.119.152.155:47870] AH00127: Cannot map GET /bord/3good/stop-C221572_1/img/%22.$content%5B HTTP/1.1 to file, referer: http://www.quickcode.com.tw/bord/3good/stop-C221572_1/indexs2.php.bak
[Sun Mar 12 05:23:36.504589 2023] [core:error] [pid 5892:tid 3440] (20024)The given path is misformatted or contained invalid characters: [client 114.119.153.104:56406] AH00127: Cannot map GET /bord/paradise/paradise0001_1/img/%22.$content%5B HTTP/1.1 to file, referer: http://www.quickcode.com.tw/bord/paradise/paradise0001_1/indexs7.php.bak
[Sun Mar 12 05:35:01.677883 2023] [:error] [pid 5892:tid 3520] [client 43.228.126.91:58293] script 'D:/xampp/htdocs/api.php' not found or unable to stat
[Sun Mar 12 07:20:04.333192 2023] [:error] [pid 5892:tid 3504] [client 88.160.142.224:15543] script 'D:/xampp/htdocs/clientweb/tableplus/wp-login.php' not found or unable to stat, referer: http://tableplus.com.tw
[Sun Mar 12 08:23:27.302892 2023] [:error] [pid 5892:tid 3484] [client 104.248.202.142:38250] script 'D:/xampp/htdocs/upl.php' not found or unable to stat
[Sun Mar 12 11:26:06.525065 2023] [:error] [pid 5892:tid 3544] [client 114.119.155.203:42288] script 'D:/xampp/htdocs/indexs1.php' not found or unable to stat, referer: http://www.quickcode.com.tw/bord/3good/stop-3good0092_1/?C=N%3BO%3DD
[Sun Mar 12 13:03:23.680866 2023] [:error] [pid 5892:tid 3388] [client 59.11.214.75:36418] script 'D:/xampp/htdocs/outposandorder/wp-login.php' not found or unable to stat, referer: http://ordernow.tableplus.com.tw
[Sun Mar 12 14:58:26.407558 2023] [:error] [pid 5892:tid 3288] [client 20.125.138.91:2368] script 'D:/xampp/htdocs/clientweb/tableplus/xmlrpc.php' not found or unable to stat
[Sun Mar 12 16:12:14.182787 2023] [:error] [pid 5892:tid 3352] [client 207.154.240.169:58604] script 'D:/xampp/htdocs/clientweb/tableplus/info.php' not found or unable to stat
[Sun Mar 12 16:12:14.489097 2023] [:error] [pid 5892:tid 3388] [client 165.232.76.155:44548] script 'D:/xampp/htdocs/clientweb/tableplus/info.php' not found or unable to stat
[Sun Mar 12 16:12:20.554479 2023] [:error] [pid 5892:tid 3328] [client 139.144.150.45:60064] script 'D:/xampp/htdocs/clientweb/tableplus/info.php' not found or unable to stat
[Sun Mar 12 16:12:21.748403 2023] [:error] [pid 5892:tid 3544] [client 46.101.103.192:59652] script 'D:/xampp/htdocs/clientweb/deyifon/info.php' not found or unable to stat
[Sun Mar 12 17:30:02.523333 2023] [mpm_winnt:notice] [pid 9296:tid 736] AH00422: Parent: Received shutdown signal -- Shutting down the server.
[Sun Mar 12 17:30:08.535403 2023] [mpm_winnt:notice] [pid 5892:tid 644] AH00364: Child: All worker threads have exited.
[Sun Mar 12 17:30:08.801753 2023] [mpm_winnt:notice] [pid 9296:tid 736] AH00430: Parent: Child process 5892 exited successfully. AH00112: Warning: DocumentRoot [D:/xampp/htdocs/clientweb/moontea] does not exist AH00112: Warning: DocumentRoot [D:/xampp/htdocs/clientweb/filledrink] does not exist AH00112: Warning: DocumentRoot [D:/xampp/htdocs/clientweb/Hjgoose] does not exist AH00112: Warning: DocumentRoot [D:/xampp/htdocs/clientweb/decorex] does not exist
[Sun Mar 12 17:30:12.127852 2023] [mpm_winnt:warn] [pid 4472:tid 736] AH00445: ThreadsPerChild of 4000 exceeds ThreadLimit of 350, decreasing to match
[Sun Mar 12 17:30:12.187725 2023] [ssl:warn] [pid 4472:tid 736] AH01873: Init: Session Cache is not configured [hint: SSLSessionCache]
[Sun Mar 12 17:30:12.253068 2023] [mpm_winnt:notice] [pid 4472:tid 736] AH00455: Apache/2.4.23 (Win32) OpenSSL/1.0.2h PHP/5.6.24 configured -- resuming normal operations
[Sun Mar 12 17:30:12.253068 2023] [mpm_winnt:notice] [pid 4472:tid 736] AH00456: Apache Lounge VC11 Server built: Jul 7 2016 11:13:22
[Sun Mar 12 17:30:12.253068 2023] [core:notice] [pid 4472:tid 736] AH00094: Command line: 'D:\\xampp\\apache\\bin\\httpd.exe -d D:/xampp/apache'
[Sun Mar 12 17:30:12.267840 2023] [mpm_winnt:notice] [pid 4472:tid 736] AH00418: Parent: Created child process 2080 AH00112: Warning: DocumentRoot [D:/xampp/htdocs/clientweb/moontea] does not exist AH00112: Warning: DocumentRoot [D:/xampp/htdocs/clientweb/filledrink] does not exist AH00112: Warning: DocumentRoot [D:/xampp/htdocs/clientweb/Hjgoose] does not exist AH00112: Warning: DocumentRoot [D:/xampp/htdocs/clientweb/decorex] does not exist AH00548: NameVirtualHost has no effect and will be removed in the next release D:/xampp/apache/conf/extra/httpd-ssl.conf:2 AH00112: Warning: DocumentRoot [D:/xampp/htdocs/clientweb/moontea] does not exist AH00112: Warning: DocumentRoot [D:/xampp/htdocs/clientweb/filledrink] does not exist AH00112: Warning: DocumentRoot [D:/xampp/htdocs/clientweb/Hjgoose] does not exist AH00112: Warning: DocumentRoot [D:/xampp/htdocs/clientweb/decorex] does not exist
[Sun Mar 12 17:30:12.780784 2023] [ssl:warn] [pid 2080:tid 644] AH01873: Init: Session Cache is not configured [hint: SSLSessionCache]
[Sun Mar 12 17:30:12.826657 2023] [mpm_winnt:notice] [pid 2080:tid 644] AH00354: Child: Starting 350 worker threads.
[Sun Mar 12 17:46:06.102361 2023] [:error] [pid 2080:tid 3428] [client 45.76.189.249:57235] script 'D:/xampp/htdocs/clientweb/tableplus/xmlrpc.php' not found or unable to stat
[Sun Mar 12 17:49:24.386574 2023] [mpm_winnt:notice] [pid 4472:tid 736] AH00422: Parent: Received shutdown signal -- Shutting down the server.
[Sun Mar 12 17:49:45.509317 2023] [mpm_winnt:notice] [pid 2080:tid 644] AH00364: Child: All worker threads have exited.
[Sun Mar 12 17:49:45.547733 2023] [mpm_winnt:notice] [pid 4472:tid 736] AH00430: Parent: Child process 2080 exited successfully. AH00112: Warning: DocumentRoot [D:/xampp/htdocs/clientweb/moontea] does not exist AH00112: Warning: DocumentRoot [D:/xampp/htdocs/clientweb/filledrink] does not exist AH00112: Warning: DocumentRoot [D:/xampp/htdocs/clientweb/Hjgoose] does not exist AH00112: Warning: DocumentRoot [D:/xampp/htdocs/clientweb/decorex] does not exist
[Sun Mar 12 17:49:48.904215 2023] [mpm_winnt:warn] [pid 4944:tid 736] AH00445: ThreadsPerChild of 4000 exceeds ThreadLimit of 350, decreasing to match
[Sun Mar 12 17:49:48.965198 2023] [ssl:warn] [pid 4944:tid 736] AH01873: Init: Session Cache is not configured [hint: SSLSessionCache]
[Sun Mar 12 17:49:49.008056 2023] [mpm_winnt:notice] [pid 4944:tid 736] AH00455: Apache/2.4.23 (Win32) OpenSSL/1.0.2h PHP/5.6.24 configured -- resuming normal operations
[Sun Mar 12 17:49:49.008056 2023] [mpm_winnt:notice] [pid 4944:tid 736] AH00456: Apache Lounge VC11 Server built: Jul 7 2016 11:13:22
[Sun Mar 12 17:49:49.008056 2023] [core:notice] [pid 4944:tid 736] AH00094: Command line: 'D:\\xampp\\apache\\bin\\httpd.exe -d D:/xampp/apache'
[Sun Mar 12 17:49:49.011052 2023] [mpm_winnt:notice] [pid 4944:tid 736] AH00418: Parent: Created child process 5676 AH00112: Warning: DocumentRoot [D:/xampp/htdocs/clientweb/moontea] does not exist AH00112: Warning: DocumentRoot [D:/xampp/htdocs/clientweb/filledrink] does not exist AH00112: Warning: DocumentRoot [D:/xampp/htdocs/clientweb/Hjgoose] does not exist AH00112: Warning: DocumentRoot [D:/xampp/htdocs/clientweb/decorex] does not exist AH00548: NameVirtualHost has no effect and will be removed in the next release D:/xampp/apache/conf/extra/httpd-ssl.conf:2 AH00112: Warning: DocumentRoot [D:/xampp/htdocs/clientweb/moontea] does not exist AH00112: Warning: DocumentRoot [D:/xampp/htdocs/clientweb/filledrink] does not exist AH00112: Warning: DocumentRoot [D:/xampp/htdocs/clientweb/Hjgoose] does not exist AH00112: Warning: DocumentRoot [D:/xampp/htdocs/clientweb/decorex] does not exist
[Sun Mar 12 17:49:49.511907 2023] [ssl:warn] [pid 5676:tid 644] AH01873: Init: Session Cache is not configured [hint: SSLSessionCache]
[Sun Mar 12 17:49:49.555665 2023] [mpm_winnt:notice] [pid 5676:tid 644] AH00354: Child: Starting 350 worker threads.
[Sun Mar 12 18:02:08.637333 2023] [:error] [pid 5676:tid 3528] [client 143.42.116.90:57930] script 'D:/xampp/htdocs/outposandorder/info.php' not found or unable to stat
[Sun Mar 12 18:02:14.015879 2023] [:error] [pid 5676:tid 3424] [client 143.42.118.45:55328] script 'D:/xampp/htdocs/outposandorder/info.php' not found or unable to stat
[Sun Mar 12 21:22:37.925654 2023] [:error] [pid 5676:tid 3496] [client 209.141.40.68:57447] script 'D:/xampp/htdocs/clientweb/deyifon/wp-login.php' not found or unable to stat, referer: http://www.google.com.hk
[Sun Mar 12 21:30:11.989894 2023] [:error] [pid 5676:tid 3564] [client 209.141.40.68:50717] script 'D:/xampp/htdocs/clientweb/deyifon/wp-login.php' not found or unable to stat, referer: http://www.google.com.hk
[Sun Mar 12 22:22:54.162217 2023] [core:error] [pid 5676:tid 3512] (20024)The given path is misformatted or contained invalid characters: [client 114.119.139.123:37638] AH00127: Cannot map GET /bord/3good/3good0063_1/%22img/Straight2/%22 HTTP/1.1 to file, referer: http://www.quickcode.com.tw/bord/3good/3good0063_1/indexh2.php
[Mon Mar 13 01:35:31.490754 2023] [core:error] [pid 5676:tid 3440] (20024)The given path is misformatted or contained invalid characters: [client 66.249.71.47:44777] AH00127: Cannot map GET /bord/3good/3good0051_1/img/%22.$content[ HTTP/1.1 to file
[Mon Mar 13 07:26:57.983499 2023] [:error] [pid 5676:tid 3392] [client 66.249.79.101:39149] script 'D:/xampp/htdocs/bord/3good/3good0114_2/indexh.php' not found or unable to stat, referer: http://www.quickcode.com.tw/bord/3good/3good0114_2/indexs3.php
[Mon Mar 13 08:33:24.272419 2023] [core:error] [pid 5676:tid 3368] (20024)The given path is misformatted or contained invalid characters: [client 114.119.131.211:58386] AH00127: Cannot map GET /bord/demo/demo0004_1/%22img/Horizontal5/bk6.png?094936%22 HTTP/1.1 to file, referer: http://www.quickcode.com.tw/bord/demo/demo0004_1/indexh7.php
[Mon Mar 13 08:58:46.916698 2023] [:error] [pid 5676:tid 3520] [client 34.174.192.25:64940] script 'D:/xampp/htdocs/xmlrpc.php' not found or unable to stat
[Mon Mar 13 16:28:24.966753 2023] [:error] [pid 5676:tid 3564] [client 138.197.95.76:36566] script 'D:/xampp/htdocs/upl.php' not found or unable to stat
[Mon Mar 13 17:37:38.115889 2023] [:error] [pid 5676:tid 3484] [client 43.228.124.80:50030] script 'D:/xampp/htdocs/valid.php' not found or unable to stat
[Mon Mar 13 17:55:20.887490 2023] [:error] [pid 5676:tid 3428] [client 122.117.7.223:14702] script 'D:/xampp/htdocs/bord/ruru/ruru0001_1/indexh13.php' not found or unable to stat
[Mon Mar 13 19:29:56.556391 2023] [:error] [pid 5676:tid 3400] [client 43.228.124.81:62201] script 'D:/xampp/htdocs/valid.php' not found or unable to stat
[Mon Mar 13 20:51:52.382333 2023] [ssl:error] [pid 5676:tid 3448] AH02032: Hostname ordernow.tableplus.com.tw provided via SNI and hostname 49.213.185.34 provided via HTTP have no compatible SSL setup
[Mon Mar 13 22:50:01.270253 2023] [:error] [pid 5676:tid 3360] [client 66.249.64.215:58081] script 'D:/xampp/htdocs/clientweb/bestlink/sugarcone.php' not found or unable to stat
[Tue Mar 14 00:28:42.356989 2023] [:error] [pid 5676:tid 3536] [client 5.188.210.227:60162] script 'D:/xampp/htdocs/echo.php' not found or unable to stat, referer: https://www.google.com/
[Tue Mar 14 00:29:56.163650 2023] [core:error] [pid 5676:tid 3352] (20024)The given path is misformatted or contained invalid characters: [client 114.119.157.112:58842] AH00127: Cannot map GET /bord/3good/old-f326553_1/img/%22.$content%5B HTTP/1.1 to file, referer: http://www.quickcode.com.tw/bord/3good/old-f326553_1/indexs1.php.bak
[Tue Mar 14 01:35:41.999800 2023] [core:error] [pid 5676:tid 3408] (20024)The given path is misformatted or contained invalid characters: [client 114.119.142.207:43768] AH00127: Cannot map GET /bord/3good/stop-3good0089_1/%22img/Straight3/%22 HTTP/1.1 to file, referer: http://www.quickcode.com.tw/bord/3good/stop-3good0089_1/indexh1.php
[Tue Mar 14 01:59:27.914836 2023] [:error] [pid 5676:tid 3580] [client 16.171.41.79:52784] script 'D:/xampp/htdocs/frontend_dev.php' not found or unable to stat
[Tue Mar 14 01:59:32.228784 2023] [:error] [pid 5676:tid 3360] [client 16.171.41.79:55450] script 'D:/xampp/htdocs/phpinfo.php' not found or unable to stat
[Tue Mar 14 01:59:32.955457 2023] [:error] [pid 5676:tid 3360] [client 16.171.41.79:58756] script 'D:/xampp/htdocs/info.php' not found or unable to stat
[Tue Mar 14 02:54:13.752008 2023] [:error] [pid 5676:tid 3408] [client 188.166.147.112:45198] script 'D:/xampp/htdocs/upl.php' not found or unable to stat
[Tue Mar 14 11:13:20.331764 2023] [core:error] [pid 5676:tid 3340] (20024)The given path is misformatted or contained invalid characters: [client 114.119.153.91:41018] AH00127: Cannot map GET /bord/3good/stop-3good0060_1/%22img/Straight3/%22 HTTP/1.1 to file, referer: http://www.quickcode.com.tw/bord/3good/stop-3good0060_1/indexh1.php
[Tue Mar 14 11:20:59.278946 2023] [:error] [pid 5676:tid 3408] [client 147.92.179.114:59200] script 'D:/xampp/htdocs/advantage.php' not found or unable to stat
[Tue Mar 14 12:37:23.908457 2023] [:error] [pid 5676:tid 3392] [client 170.64.152.127:52406] script 'D:/xampp/htdocs/upl.php' not found or unable to stat
[Tue Mar 14 13:34:20.834241 2023] [:error] [pid 5676:tid 3424] [client 66.249.64.215:65043] script 'D:/xampp/htdocs/clientweb/bestlink/biggerthanface.php' not found or unable to stat
[Tue Mar 14 14:33:04.785373 2023] [:error] [pid 5676:tid 3316] [client 66.249.64.75:37207] script 'D:/xampp/htdocs/bord/3good/3good0114_2/indexh.php' not found or unable to stat, referer: http://www.quickcode.com.tw/bord/3good/3good0114_2/indexs3.php
[Tue Mar 14 16:03:25.548296 2023] [core:error] [pid 5676:tid 3440] (20024)The given path is misformatted or contained invalid characters: [client 114.119.145.116:39066] AH00127: Cannot map GET /bord/3good/stop-Q830564_1/img/%22.$content%5B HTTP/1.1 to file, referer: http://www.quickcode.com.tw/bord/3good/stop-Q830564_1/indexs2.php.bak
[Tue Mar 14 19:20:47.426971 2023] [core:error] [pid 5676:tid 3316] (20024)The given path is misformatted or contained invalid characters: [client 114.119.138.95:46970] AH00127: Cannot map GET /bord/abula/abula0001_1/%22img/Straight2/%22 HTTP/1.1 to file, referer: http://www.quickcode.com.tw/bord/abula/abula0001_1/indexh1.php
[Tue Mar 14 19:43:09.498750 2023] [core:error] [pid 5676:tid 3332] (20024)The given path is misformatted or contained invalid characters: [client 114.119.132.68:56398] AH00127: Cannot map GET /bord/3good/stop-3good0067_1/%22img/Straight3/%22 HTTP/1.1 to file, referer: http://www.quickcode.com.tw/bord/3good/stop-3good0067_1/indexh2.php
[Tue Mar 14 20:08:53.629689 2023] [core:error] [pid 5676:tid 3392] [client 185.180.143.136:43262] AH00126: Invalid URI in request GET /dana-na/../dana/html5acc/guacamole/../../../../../../../etc/services?/dana/html5acc/guacamole/ HTTP/1.1
[Tue Mar 14 20:17:34.284998 2023] [:error] [pid 5676:tid 3388] [client 40.77.167.188:18880] script 'D:/xampp/htdocs/outposandorder/menudata/trio/login.php' not found or unable to stat
[Tue Mar 14 21:31:18.259935 2023] [:error] [pid 5676:tid 3296] [client 16.171.41.79:59327] script 'D:/xampp/htdocs/outposandorder/frontend_dev.php' not found or unable to stat
[Tue Mar 14 21:31:28.925248 2023] [:error] [pid 5676:tid 3392] [client 16.171.41.79:59937] script 'D:/xampp/htdocs/outposandorder/phpinfo.php' not found or unable to stat
[Tue Mar 14 21:31:30.873377 2023] [:error] [pid 5676:tid 3600] [client 16.171.41.79:60495] script 'D:/xampp/htdocs/outposandorder/info.php' not found or unable to stat
[Tue Mar 14 22:43:38.459009 2023] [:error] [pid 5676:tid 3344] [client 16.171.41.79:55528] script 'D:/xampp/htdocs/frontend_dev.php' not found or unable to stat
[Tue Mar 14 22:43:50.390682 2023] [:error] [pid 5676:tid 3392] [client 16.171.41.79:56370] script 'D:/xampp/htdocs/phpinfo.php' not found or unable to stat
[Tue Mar 14 22:44:03.941090 2023] [:error] [pid 5676:tid 3368] [client 16.171.41.79:57318] script 'D:/xampp/htdocs/info.php' not found or unable to stat
[Wed Mar 15 01:02:27.234180 2023] [core:error] [pid 5676:tid 3344] [client 152.89.196.54:45990] AH00126: Invalid URI in request POST /cgi-bin/.%2e/.%2e/.%2e/.%2e/bin/sh HTTP/1.1
[Wed Mar 15 01:17:15.123700 2023] [:error] [pid 5676:tid 3316] [client 16.171.41.79:54340] script 'D:/xampp/htdocs/clientweb/tableplus/frontend_dev.php' not found or unable to stat
[Wed Mar 15 01:17:34.567429 2023] [:error] [pid 5676:tid 3456] [client 16.171.41.79:51048] script 'D:/xampp/htdocs/clientweb/tableplus/phpinfo.php' not found or unable to stat
[Wed Mar 15 01:17:37.896845 2023] [:error] [pid 5676:tid 3324] [client 16.171.41.79:56811] script 'D:/xampp/htdocs/clientweb/tableplus/info.php' not found or unable to stat
[Wed Mar 15 04:29:24.828132 2023] [:error] [pid 5676:tid 3388] [client 185.81.157.164:50285] script 'D:/xampp/htdocs/xmlrpc.php' not found or unable to stat
[Wed Mar 15 04:51:41.642489 2023] [:error] [pid 5676:tid 3456] [client 152.89.196.54:33736] script 'D:/xampp/htdocs/clientweb/deyifon/index.php' not found or unable to stat
[Wed Mar 15 04:58:15.277312 2023] [:error] [pid 5676:tid 3296] [client 185.81.157.164:59716] script 'D:/xampp/htdocs/clientweb/tableplus/xmlrpc.php' not found or unable to stat
[Wed Mar 15 05:48:15.649629 2023] [:error] [pid 5676:tid 3440] [client 66.249.66.37:51482] script 'D:/xampp/htdocs/clientweb/bestlink/siang-ning-beike.php' not found or unable to stat
[Wed Mar 15 05:54:05.523192 2023] [core:error] [pid 5676:tid 3324] [client 143.110.216.117:37780] AH00126: Invalid URI in request \xbd\xff\x9e\xffE\xff\x9e\xff\xbd\xff\x9e\xff\xa4\xff\x86\xff\xc4\xff\xbe\xff\xc7\xff\xdb\xff\xee\xffx\\d9\xff\xed\xff\xa4\xff\x9d\xff\xcf\xff\xd8\xff\xe5\xff\x04\xff\x12\xff0\xff\xb1\xff\xbd\xff\xe7\xff\xe2\xff\xdd\xff\xdc\xff\xde\xff\xc8\xff\xcc\xff\xbe\xff\xf8\xff&\xff\x01\xff\x0f\xff\xf5\xff\x06\xff\xff\xff\xf7\xff!\xff\xde\xff\x02\xff&\xff\x0c\xff\x01\xff\xf5\xff
[Wed Mar 15 09:49:12.625981 2023] [core:error] [pid 5676:tid 3296] (20024)The given path is misformatted or contained invalid characters: [client 66.249.66.76:46506] AH00127: Cannot map GET /bord/3good/3gooddemo_2/img/%22.$content[ HTTP/1.1 to file
[Wed Mar 15 11:45:48.044315 2023] [:error] [pid 5676:tid 3512] [client 16.171.41.79:50087] script 'D:/xampp/htdocs/frontend_dev.php' not found or unable to stat
[Wed Mar 15 11:45:59.203157 2023] [:error] [pid 5676:tid 3536] [client 16.171.41.79:53235] script 'D:/xampp/htdocs/phpinfo.php' not found or unable to stat
[Wed Mar 15 11:46:01.262336 2023] [:error] [pid 5676:tid 3580] [client 16.171.41.79:53709] script 'D:/xampp/htdocs/info.php' not found or unable to stat
[Wed Mar 15 12:50:17.453066 2023] [:error] [pid 5676:tid 3424] [client 16.171.41.79:53631] script 'D:/xampp/htdocs/clientweb/tableplus/frontend_dev.php' not found or unable to stat
[Wed Mar 15 12:50:28.624349 2023] [:error] [pid 5676:tid 3324] [client 16.171.41.79:57614] script 'D:/xampp/htdocs/clientweb/tableplus/phpinfo.php' not found or unable to stat
[Wed Mar 15 12:50:30.667426 2023] [:error] [pid 5676:tid 3428] [client 16.171.41.79:59107] script 'D:/xampp/htdocs/clientweb/tableplus/info.php' not found or unable to stat
[Wed Mar 15 13:50:08.562390 2023] [core:error] [pid 5676:tid 3428] [client 152.89.196.54:42004] AH00126: Invalid URI in request POST /cgi-bin/.%2e/.%2e/.%2e/.%2e/bin/sh HTTP/1.1
[Wed Mar 15 15:17:01.825473 2023] [core:error] [pid 5676:tid 3408] [client 45.148.120.161:37032] AH00126: Invalid URI in request GET stager64 HTTP/1.1
[Wed Mar 15 15:21:15.734212 2023] [:error] [pid 5676:tid 3480] [client 144.126.236.58:41678] script 'D:/xampp/htdocs/upl.php' not found or unable to stat
[Wed Mar 15 16:52:54.848438 2023] [core:error] [pid 5676:tid 3496] (20024)The given path is misformatted or contained invalid characters: [client 114.119.132.9:44330] AH00127: Cannot map GET /bord/3good/3good0106_1/img/%22.$content%5B HTTP/1.1 to file, referer: http://www.quickcode.com.tw/bord/3good/3good0106_1/indexh5.php.bak
[Wed Mar 15 19:43:06.934201 2023] [:error] [pid 5676:tid 3480] [client 35.216.169.119:40880] script 'D:/xampp/htdocs/info.php' not found or unable to stat
[Wed Mar 15 19:54:09.307751 2023] [:error] [pid 5676:tid 3464] [client 40.77.167.188:22656] script 'D:/xampp/htdocs/outposandorder/menudata/trio/login.php' not found or unable to stat
[Wed Mar 15 20:21:39.545007 2023] [:error] [pid 5676:tid 3440] [client 184.174.35.138:48792] script 'D:/xampp/htdocs/clientweb/tableplus/wp-login.php' not found or unable to stat AH00112: Warning: DocumentRoot [D:/xampp/htdocs/clientweb/moontea] does not exist AH00112: Warning: DocumentRoot [D:/xampp/htdocs/clientweb/filledrink] does not exist AH00112: Warning: DocumentRoot [D:/xampp/htdocs/clientweb/Hjgoose] does not exist AH00112: Warning: DocumentRoot [D:/xampp/htdocs/clientweb/decorex] does not exist
[Wed Mar 15 20:37:13.081222 2023] [mpm_winnt:warn] [pid 3436:tid 744] AH00445: ThreadsPerChild of 4000 exceeds ThreadLimit of 350, decreasing to match
[Wed Mar 15 20:37:13.081222 2023] [core:warn] [pid 3436:tid 744] AH00098: pid file D:/xampp/apache/logs/httpd.pid overwritten -- Unclean shutdown of previous Apache run?
[Wed Mar 15 20:37:13.143735 2023] [ssl:warn] [pid 3436:tid 744] AH01873: Init: Session Cache is not configured [hint: SSLSessionCache]
[Wed Mar 15 20:37:13.393650 2023] [mpm_winnt:notice] [pid 3436:tid 744] AH00455: Apache/2.4.23 (Win32) OpenSSL/1.0.2h PHP/5.6.24 configured -- resuming normal operations
[Wed Mar 15 20:37:13.393650 2023] [mpm_winnt:notice] [pid 3436:tid 744] AH00456: Apache Lounge VC11 Server built: Jul 7 2016 11:13:22
[Wed Mar 15 20:37:13.393650 2023] [core:notice] [pid 3436:tid 744] AH00094: Command line: 'D:\\xampp\\apache\\bin\\httpd.exe -d D:/xampp/apache'
[Wed Mar 15 20:37:13.393650 2023] [mpm_winnt:notice] [pid 3436:tid 744] AH00418: Parent: Created child process 4564 AH00112: Warning: DocumentRoot [D:/xampp/htdocs/clientweb/moontea] does not exist AH00112: Warning: DocumentRoot [D:/xampp/htdocs/clientweb/filledrink] does not exist AH00112: Warning: DocumentRoot [D:/xampp/htdocs/clientweb/Hjgoose] does not exist AH00112: Warning: DocumentRoot [D:/xampp/htdocs/clientweb/decorex] does not exist AH00548: NameVirtualHost has no effect and will be removed in the next release D:/xampp/apache/conf/extra/httpd-ssl.conf:2 AH00112: Warning: DocumentRoot [D:/xampp/htdocs/clientweb/moontea] does not exist AH00112: Warning: DocumentRoot [D:/xampp/htdocs/clientweb/filledrink] does not exist AH00112: Warning: DocumentRoot [D:/xampp/htdocs/clientweb/Hjgoose] does not exist AH00112: Warning: DocumentRoot [D:/xampp/htdocs/clientweb/decorex] does not exist
[Wed Mar 15 20:37:13.987260 2023] [ssl:warn] [pid 4564:tid 624] AH01873: Init: Session Cache is not configured [hint: SSLSessionCache]
[Wed Mar 15 20:37:14.034153 2023] [mpm_winnt:notice] [pid 4564:tid 624] AH00354: Child: Starting 350 worker threads.
[Wed Mar 15 23:45:32.285828 2023] [:error] [pid 4564:tid 3520] [client 66.249.73.111:39565] script 'D:/xampp/htdocs/clientweb/bestlink/sugarcone.php' not found or unable to stat
[Thu Mar 16 02:58:55.197812 2023] [:error] [pid 4564:tid 3368] [client 159.65.44.109:55712] script 'D:/xampp/htdocs/wordpress/unzip.php' not found or unable to stat, referer: api.tableplus.com.tw
[Thu Mar 16 03:00:06.031423 2023] [:error] [pid 4564:tid 3464] [client 159.65.44.109:58574] script 'D:/xampp/htdocs/wordpress/about.php' not found or unable to stat, referer: api.tableplus.com.tw
[Thu Mar 16 03:02:07.795621 2023] [:error] [pid 4564:tid 3448] [client 159.65.44.109:55748] script 'D:/xampp/htdocs/wordpress/123.php' not found or unable to stat, referer: api.tableplus.com.tw
[Thu Mar 16 03:02:16.766640 2023] [:error] [pid 4564:tid 3560] [client 159.65.44.109:59628] script 'D:/xampp/htdocs/wordpress/and.php' not found or unable to stat, referer: api.tableplus.com.tw
[Thu Mar 16 04:10:44.986485 2023] [mpm_winnt:notice] [pid 3436:tid 744] AH00422: Parent: Received shutdown signal -- Shutting down the server.
[Thu Mar 16 04:10:50.657205 2023] [mpm_winnt:notice] [pid 4564:tid 624] AH00364: Child: All worker threads have exited.
[Thu Mar 16 04:10:51.204206 2023] [mpm_winnt:notice] [pid 3436:tid 744] AH00430: Parent: Child process 4564 exited successfully. AH00112: Warning: DocumentRoot [D:/xampp/htdocs/clientweb/moontea] does not exist AH00112: Warning: DocumentRoot [D:/xampp/htdocs/clientweb/filledrink] does not exist AH00112: Warning: DocumentRoot [D:/xampp/htdocs/clientweb/Hjgoose] does not exist AH00112: Warning: DocumentRoot [D:/xampp/htdocs/clientweb/decorex] does not exist
[Thu Mar 16 04:11:36.744736 2023] [mpm_winnt:warn] [pid 2984:tid 648] AH00445: ThreadsPerChild of 4000 exceeds ThreadLimit of 350, decreasing to match
[Thu Mar 16 04:11:36.822841 2023] [ssl:warn] [pid 2984:tid 648] AH01873: Init: Session Cache is not configured [hint: SSLSessionCache]
[Thu Mar 16 04:11:37.104025 2023] [mpm_winnt:notice] [pid 2984:tid 648] AH00455: Apache/2.4.23 (Win32) OpenSSL/1.0.2h PHP/5.6.24 configured -- resuming normal operations
[Thu Mar 16 04:11:37.104025 2023] [mpm_winnt:notice] [pid 2984:tid 648] AH00456: Apache Lounge VC11 Server built: Jul 7 2016 11:13:22
[Thu Mar 16 04:11:37.104025 2023] [core:notice] [pid 2984:tid 648] AH00094: Command line: 'D:\\xampp\\apache\\bin\\httpd.exe -d D:/xampp/apache'
[Thu Mar 16 04:11:37.104025 2023] [mpm_winnt:notice] [pid 2984:tid 648] AH00418: Parent: Created child process 2804 AH00112: Warning: DocumentRoot [D:/xampp/htdocs/clientweb/moontea] does not exist AH00112: Warning: DocumentRoot [D:/xampp/htdocs/clientweb/filledrink] does not exist AH00112: Warning: DocumentRoot [D:/xampp/htdocs/clientweb/Hjgoose] does not exist AH00112: Warning: DocumentRoot [D:/xampp/htdocs/clientweb/decorex] does not exist AH00548: NameVirtualHost has no effect and will be removed in the next release D:/xampp/apache/conf/extra/httpd-ssl.conf:2 AH00112: Warning: DocumentRoot [D:/xampp/htdocs/clientweb/moontea] does not exist AH00112: Warning: DocumentRoot [D:/xampp/htdocs/clientweb/filledrink] does not exist AH00112: Warning: DocumentRoot [D:/xampp/htdocs/clientweb/Hjgoose] does not exist AH00112: Warning: DocumentRoot [D:/xampp/htdocs/clientweb/decorex] does not exist
[Thu Mar 16 04:11:37.697634 2023] [ssl:warn] [pid 2804:tid 644] AH01873: Init: Session Cache is not configured [hint: SSLSessionCache]
[Thu Mar 16 04:11:37.744499 2023] [mpm_winnt:notice] [pid 2804:tid 644] AH00354: Child: Starting 350 worker threads.
[Thu Mar 16 04:15:52.605363 2023] [:error] [pid 2804:tid 3596] [client 137.184.172.19:48568] script 'D:/xampp/htdocs/upl.php' not found or unable to stat
[Thu Mar 16 04:23:32.308453 2023] [:error] [pid 2804:tid 3596] [client 34.102.101.46:62657] script 'D:/xampp/htdocs/xmlrpc.php' not found or unable to stat
[Thu Mar 16 05:48:36.227970 2023] [:error] [pid 2804:tid 3548] [client 66.249.74.91:36178] script 'D:/xampp/htdocs/clientweb/bestlink/moontea.php' not found or unable to stat
[Thu Mar 16 09:05:13.800815 2023] [:error] [pid 2804:tid 3396] [client 159.223.194.131:49200] script 'D:/xampp/htdocs/system_api.php' not found or unable to stat
[Thu Mar 16 09:05:14.394499 2023] [:error] [pid 2804:tid 3388] [client 159.223.194.131:53670] script 'D:/xampp/htdocs/system_api.php' not found or unable to stat
[Thu Mar 16 09:05:15.269300 2023] [:error] [pid 2804:tid 3480] [client 159.223.194.131:36240] script 'D:/xampp/htdocs/clientweb/deyifon/system_api.php' not found or unable to stat
[Thu Mar 16 10:47:29.567284 2023] [:error] [pid 2804:tid 3348] [client 114.119.146.94:54212] script 'D:/xampp/htdocs/bord/demo/demo0003_1/indexs.php' not found or unable to stat, referer: http://www.quickcode.com.tw/bord/demo/demo0003_1/indexh4.php
[Thu Mar 16 11:24:23.573418 2023] [:error] [pid 2804:tid 3488] [client 45.76.189.249:58592] script 'D:/xampp/htdocs/clientweb/tableplus/xmlrpc.php' not found or unable to stat
[Thu Mar 16 11:45:58.365845 2023] [core:error] [pid 2804:tid 3588] (20024)The given path is misformatted or contained invalid characters: [client 114.119.149.237:47814] AH00127: Cannot map GET /bord/3good/3good0104_1/img/%22.$content%5B HTTP/1.1 to file, referer: http://www.quickcode.com.tw/bord/3good/3good0104_1/indexs2.php.bak
[Thu Mar 16 13:45:05.744962 2023] [:error] [pid 2804:tid 3524] [client 165.227.203.139:60696] script 'D:/xampp/htdocs/outposandorder/wp-login.php' not found or unable to stat, referer: http://ordernow.tableplus.com.tw
[Thu Mar 16 18:20:42.104015 2023] [:error] [pid 2804:tid 3488] [client 206.189.145.148:47180] script 'D:/xampp/htdocs/upl.php' not found or unable to stat
[Thu Mar 16 18:31:35.330387 2023] [core:error] [pid 2804:tid 3548] (20024)The given path is misformatted or contained invalid characters: [client 114.119.142.100:35632] AH00127: Cannot map GET /bord/3good/3good0111_1/img/%22.$content%5B HTTP/1.1 to file, referer: http://www.quickcode.com.tw/bord/3good/3good0111_1/indexs2.php.bak
[Thu Mar 16 18:35:23.019956 2023] [:error] [pid 2804:tid 3516] [client 88.99.14.102:48032] script 'D:/xampp/htdocs/wp-login.php' not found or unable to stat
[Thu Mar 16 19:52:00.067307 2023] [:error] [pid 2804:tid 3516] [client 165.22.245.228:57612] script 'D:/xampp/htdocs/xmlrpc.php' not found or unable to stat
[Thu Mar 16 19:55:57.896042 2023] [:error] [pid 2804:tid 3364] [client 40.77.167.188:22720] script 'D:/xampp/htdocs/outposandorder/menudata/trio/login.php' not found or unable to stat
[Thu Mar 16 19:56:35.282390 2023] [:error] [pid 2804:tid 3476] [client 188.165.223.112:47858] script 'D:/xampp/htdocs/wordpress/about.php' not found or unable to stat, referer: quickcode.com.tw
[Thu Mar 16 19:57:32.179303 2023] [:error] [pid 2804:tid 3476] [client 188.165.223.112:58148] script 'D:/xampp/htdocs/wordpress/and.php' not found or unable to stat, referer: quickcode.com.tw
[Thu Mar 16 19:57:36.146051 2023] [:error] [pid 2804:tid 3560] [client 188.165.223.112:58768] script 'D:/xampp/htdocs/wordpress/unzip.php' not found or unable to stat, referer: quickcode.com.tw
[Thu Mar 16 19:58:08.033294 2023] [:error] [pid 2804:tid 3364] [client 188.165.223.112:35580] script 'D:/xampp/htdocs/wordpress/123.php' not found or unable to stat, referer: quickcode.com.tw
[Thu Mar 16 20:49:36.328589 2023] [:error] [pid 2804:tid 3380] [client 75.119.133.191:44432] script 'D:/xampp/htdocs/wp-login.php' not found or unable to stat
[Thu Mar 16 23:22:57.312218 2023] [:error] [pid 2804:tid 3460] [client 162.241.204.21:54792] script 'D:/xampp/htdocs/wp-login.php' not found or unable to stat
[Fri Mar 17 00:39:22.748503 2023] [:error] [pid 2804:tid 3444] [client 114.119.146.142:60186] script 'D:/xampp/htdocs/clientweb/deyifon/mail.php' not found or unable to stat
[Fri Mar 17 00:40:23.316680 2023] [:error] [pid 2804:tid 3388] [client 114.119.147.150:49888] script 'D:/xampp/htdocs/indexh13.php' not found or unable to stat, referer: http://www.quickcode.com.tw/bord/3good/3good0109_2/?C=D%3BO%3DA
[Fri Mar 17 04:40:52.032195 2023] [core:error] [pid 2804:tid 3292] (20024)The given path is misformatted or contained invalid characters: [client 114.119.139.246:39918] AH00127: Cannot map GET /bord/3good/C220556_1/img/%22.$content%5B HTTP/1.1 to file, referer: http://www.quickcode.com.tw/bord/3good/C220556_1/indexs2.php.bak
[Fri Mar 17 05:25:11.907584 2023] [:error] [pid 2804:tid 3260] [client 43.228.124.80:54049] script 'D:/xampp/htdocs/clientweb/tableplus/valid.php' not found or unable to stat
[Fri Mar 17 05:55:34.843216 2023] [core:error] [pid 2804:tid 3420] (20024)The given path is misformatted or contained invalid characters: [client 114.119.140.131:43678] AH00127: Cannot map GET /bord/3good/OLD-C242559_1/img/%22.$content%5B HTTP/1.1 to file, referer: http://www.quickcode.com.tw/bord/3good/OLD-C242559_1/index3.php.bak
[Fri Mar 17 13:53:45.199322 2023] [authz_core:error] [pid 2804:tid 3476] [client 114.119.128.218:52798] AH01630: client denied by server configuration: D:/xampp/htdocs/clientweb/tableplus/.html, referer: https://www.tableplus.com.tw/device.html
[Fri Mar 17 14:16:50.573875 2023] [:error] [pid 2804:tid 3508] [client 45.76.189.249:64746] script 'D:/xampp/htdocs/clientweb/tableplus/xmlrpc.php' not found or unable to stat
[Fri Mar 17 14:29:48.287779 2023] [core:error] [pid 2804:tid 3276] (20024)The given path is misformatted or contained invalid characters: [client 114.119.150.227:44194] AH00127: Cannot map GET /bord/3good/stop-3good0052_1/%22img/Straight3/%22 HTTP/1.1 to file, referer: http://www.quickcode.com.tw/bord/3good/stop-3good0052_1/indexh1.php
[Fri Mar 17 15:24:20.195050 2023] [:error] [pid 2804:tid 3500] [client 114.119.155.236:38650] script 'D:/xampp/htdocs/indexs2.php' not found or unable to stat, referer: http://www.quickcode.com.tw/bord/3good/stop-3good0088_1/
[Fri Mar 17 17:09:08.973477 2023] [:error] [pid 2804:tid 3304] [client 114.119.142.3:60578] script 'D:/xampp/htdocs/indexs3.php' not found or unable to stat, referer: http://www.quickcode.com.tw/bord/3good/stop-3good0056_1/?C=M%3BO%3DA
[Fri Mar 17 17:10:31.032949 2023] [ssl:error] [pid 2804:tid 3140] AH02032: Hostname ordernow.tableplus.com.tw provided via SNI and hostname 49.213.185.34 provided via HTTP have no compatible SSL setup
[Fri Mar 17 20:20:26.165860 2023] [:error] [pid 2804:tid 3308] [client 40.77.167.188:27584] script 'D:/xampp/htdocs/outposandorder/menudata/trio/login.php' not found or unable to stat
[Fri Mar 17 21:13:30.323932 2023] [core:error] [pid 2804:tid 3532] (20024)The given path is misformatted or contained invalid characters: [client 114.119.135.223:57604] AH00127: Cannot map GET /bord/3good/3good0050_1/%22img/Straight3/%22 HTTP/1.1 to file, referer: http://www.quickcode.com.tw/bord/3good/3good0050_1/indexh1.php
[Fri Mar 17 21:53:27.693982 2023] [:error] [pid 2804:tid 3548] [client 165.22.245.228:55248] script 'D:/xampp/htdocs/xmlrpc.php' not found or unable to stat
[Fri Mar 17 23:14:29.329344 2023] [core:error] [pid 2804:tid 3428] (20024)The given path is misformatted or contained invalid characters: [client 114.119.140.70:51886] AH00127: Cannot map GET /%22./img/area/BG.jpg%22 HTTP/1.1 to file, referer: http://moontea.tableplus.com.tw/areas.php.bak
[Fri Mar 17 23:49:01.550504 2023] [core:error] [pid 2804:tid 3508] (20024)The given path is misformatted or contained invalid characters: [client 114.119.152.230:44664] AH00127: Cannot map GET /bord/3good/OLD-C242559_1/%22img/Straight3/%22 HTTP/1.1 to file, referer: http://www.quickcode.com.tw/bord/3good/OLD-C242559_1/indexh2.php
[Sat Mar 18 00:40:10.354404 2023] [core:error] [pid 2804:tid 3548] (20024)The given path is misformatted or contained invalid characters: [client 114.119.135.78:51062] AH00127: Cannot map GET /bord/3good/3good0077_1/%22img/Straight2/%22 HTTP/1.1 to file, referer: http://www.quickcode.com.tw/bord/3good/3good0077_1/indexh2.php
[Sat Mar 18 01:01:41.636709 2023] [:error] [pid 2804:tid 3588] [client 66.249.68.57:60439] script 'D:/xampp/htdocs/clientweb/bestlink/sugarcone.php' not found or unable to stat
[Sat Mar 18 02:50:06.791953 2023] [core:error] [pid 2804:tid 3452] (20024)The given path is misformatted or contained invalid characters: [client 66.249.79.101:36930] AH00127: Cannot map GET /bord/3good/3gooddemo_2/img/%22.$content[ HTTP/1.1 to file
[Sat Mar 18 06:00:13.463422 2023] [core:error] [pid 2804:tid 2820] [client 193.118.53.194:55778] AH00126: Invalid URI in request HEAD /icons/.%2e/%2e%2e/apache2/icons/sphere1.png HTTP/1.1
[Sat Mar 18 06:05:50.727681 2023] [core:error] [pid 2804:tid 2812] (20024)The given path is misformatted or contained invalid characters: [client 114.119.134.116:40276] AH00127: Cannot map GET /bord/demo/demo0002_1/img/%22.$content%5B HTTP/1.1 to file, referer: http://www.quickcode.com.tw/bord/demo/demo0002_1/indexh3.php.bak
[Sat Mar 18 07:35:57.786912 2023] [core:error] [pid 2804:tid 3292] [client 128.14.133.58:59152] AH00126: Invalid URI in request HEAD /icons/.%2e/%2e%2e/apache2/icons/sphere1.png HTTP/1.1
[Sat Mar 18 08:16:38.750100 2023] [:error] [pid 2804:tid 1304] [client 43.228.126.91:55505] script 'D:/xampp/htdocs/clientweb/tableplus/api.php' not found or unable to stat
[Sat Mar 18 11:01:56.090970 2023] [:error] [pid 2804:tid 1124] [client 66.249.68.45:60757] script 'D:/xampp/htdocs/clientweb/bestlink/biggerthanface.php' not found or unable to stat
[Sat Mar 18 13:02:50.302990 2023] [cgi:error] [pid 2804:tid 1304] [client 212.87.204.177:43536] AH02811: script not found or unable to stat: D:/xampp/cgi-bin/nobody
[Sat Mar 18 13:02:51.960689 2023] [cgi:error] [pid 2804:tid 2724] [client 212.87.204.177:43540] AH02811: script not found or unable to stat: D:/xampp/cgi-bin/nobody
[Sat Mar 18 13:33:57.705861 2023] [:error] [pid 2804:tid 2720] [client 64.226.69.234:43744] script 'D:/xampp/htdocs/upl.php' not found or unable to stat
[Sat Mar 18 15:34:26.200910 2023] [:error] [pid 2804:tid 3356] [client 92.63.194.237:44968] script 'D:/xampp/htdocs/outposandorder/style.php' not found or unable to stat
